number?
False
Is 14283734 a composite number?
True
Is 3111973 composite?
False
Is 11057689 composite?
False
Is 32469793 a prime number?
True
Is 2699119 a prime number?
False
Is 1997437 prime?
False
Is 33758471 a composite number?
False
Is 890335 composite?
True
Is 1473805 a composite number?
True
Is 1213567 composite?
True
Is 19635877 a prime number?
True
Is 1020359 composite?
True
Is 23181595 a prime number?
False
Is 43676249 prime?
True
Is 18615113 prime?
False
Is 37771057 a composite number?
False
Is 196502 a prime number?
False
Is 4167763 prime?
True
Is 3189943 composite?
False
Is 163577 prime?
False
Is 349566611 composite?
True
Is 56924263 a prime number?
False
Is 75415517 a prime number?
True
Is 12834223 a composite number?
True
Is 1905863 a prime number?
True
Is 40006111 composite?
False
Is 23851943 prime?
False
Is 1649423 a prime number?
False
Is 3690577 prime?
False
Is 10476497 a prime number?
True
Is 6222011 composite?
False
Is 193715337 prime?
False
Is 381167 composite?
False
Is 26014829 a prime number?
False
Is 2303513 prime?
True
Is 601566639 a prime number?
False
Is 166699963 a prime number?
False
Is 6136883 a prime number?
False
Is 33926753 composite?
True
Is 2480801 composite?
True
Is 33068507 composite?
False
Is 2271727 a prime number?
False
Is 41109509 a prime number?
False
Is 394414 a prime number?
False
Is 18125801 prime?
True
Is 3975029 a prime number?
False
Is 14954137 composite?
True
Is 12897919 composite?
False
Is 4705931 composite?
False
Is 16752503 prime?
False
Is 44785649 a prime number?
True
Is 6113491 prime?
True
Is 88877999 a composite number?
True
Is 2333293 composite?
False
Is 1040141 a composite number?
False
Is 1748563 a prime number?
True
Is 2236237 a composite number?
False
Is 3142693 prime?
True
Is 2120103587 a composite number?
True
Is 449371103 composite?
False
Is 12840211 composite?
False
Is 630166367 a prime number?
False
Is 2954771 a prime number?
True
Is 68993269 composite?
False
Is 23272087 a composite number?
False
Is 1000081 a composite number?
False
Is 44160073 a prime number?
True
Is 74406653 composite?
False
Is 73960499 a prime number?
True
Is 49903499 a composite number?
False
Is 5471317 prime?
False
Is 402333097 prime?
False
Is 38029795 composite?
True
Is 1010063 composite?
True
Is 387359777 composite?
True
Is 294364739 composite?
True
Is 64525579 prime?
True
Is 1405783 prime?
False
Is 77341139 composite?
False
Is 50628361 composite?
True
Is 18656965 a composite number?
True
Is 870472847 prime?
True
Is 272511527 prime?
False
Is 1225901 a composite number?
True
Is 74005089 a prime number?
False
Is 18106939 a prime number?
True
Is 20601293 prime?
False
Is 21303511 a prime number?
True
Is 523110047 a composite number?
True
Is 42081089 prime?
True
Is 2473901 a prime number?
False
Is 19713721 prime?
False
Is 246939977 prime?
False
Is 42842797 prime?
True
Is 2071123 a prime number?
True
Is 1470845 a composite number?
True
Is 223121903 a prime number?
True
Is 94635069 prime?
False
Is 4503731 composite?
False
Is 183476519 composite?
True
Is 4166599 a composite number?
False
Is 328919563 a prime number?
False
Is 49961003 a prime number?
True
Is 549481 composite?
False
Is 660029 a prime number?
True
Is 13920097 composite?
True
Is 11776697 a prime number?
False
Is 1008911 prime?
True
Is 69047107 a prime number?
True
Is 430392797 composite?
False
Is 98989157 prime?
False
Is 12767515 a composite number?
True
Is 128011087 a prime number?
True
Is 1938949 a prime number?
True
Is 22973927 a composite number?
True
Is 105207569 a prime number?
True
Is 2850619 a prime number?
True
Is 21074051 composite?
False
Is 95780263 a prime number?
False
Is 896003 a composite number?
False
Is 348106337 a prime number?
False
Is 4772501 prime?
False
Is 663517 a composite number?
False
Is 6734141 a composite number?
False
Is 1645037 prime?
False
Is 11048537 a prime number?
True
Is 5801491 a prime number?
False
Is 27999869 a composite number?
False
Is 43632227 a prime number?
False
Is 1420073 prime?
True
Is 442417 a prime number?
False
Is 162762629 prime?
False
Is 143264957 a composite number?
True
Is 2691059 composite?
True
Is 565974853 composite?
True
Is 9449542 composite?
True
Is 5982897 prime?
False
Is 4207183 a composite number?
True
Is 10773298 composite?
True
Is 2468359 a prime number?
False
Is 72397753 a prime number?
False
Is 281171593 prime?
True
Is 14961289 prime?
False
Is 2161553 prime?
True
Is 60511 a composite number?
True
Is 543322321 a prime number?
True
Is 5921269 a composite number?
False
Is 212228407 a composite number?
False
Is 12439209 a composite number?
True
Is 544931443 composite?
True
Is 8773671 prime?
False
Is 135949379 a composite number?
False
Is 35898343 prime?
False
Is 28229599 a prime number?
True
Is 6576301 a composite number?
True
Is 110180909 prime?
True
Is 1218031 a prime number?
False
Is 116170823 a composite number?
True
Is 3455443 a composite number?
False
Is 20119719 prime?
False
Is 6537131 a prime number?
True
Is 171077 a prime number?
True
Is 228695849 prime?
False
Is 1454686 prime?
False
Is 1254899 prime?
True
Is 581243443 composite?
True
Is 1070131 a composite number?
False
Is 13738366 a prime number?
False
Is 24219467 composite?
False
Is 17759767 prime?
False
Is 26324321 a prime number?
True
Is 15021607 prime?
True
Is 54925603 a prime number?
True
Is 4636829 a prime number?
True
Is 186384631 composite?
False
Is 185130763 a prime number?
False
Is 51810263 a composite number?
False
Is 5349607 composite?
False
Is 41446651 composite?
False
Is 60603703 prime?
False
Is 8635021 composite?
False
Is 171187633 a prime number?
False
Is 519280327 a prime number?
True
Is 411167 prime?
True
Is 196073 a composite number?
False
Is 5312539 composite?
True
Is 40027733 composite?
True
Is 3323807 a composite number?
True
Is 4840519 a composite number?
True
Is 8639797 a composite number?
False
Is 27131903 prime?
True
Is 9983263 composite?
False
Is 3496561 a prime number?
True
Is 69313 prime?
True
Is 11679557 a prime number?
False
Is 795347 a composite number?
True
Is 405109 a prime number?
False
Is 70696221 a prime number?
False
Is 41916851 a prime number?
True
Is 2737523 a composite number?
False
Is 1716865 prime?
False
Is 4122827 a composite number?
False
Is 1883857 prime?
True
Is 3166069 prime?
False
Is 50902079 a prime number?
True
Is 1010567 a composite number?
False
Is 11696887 composite?
False
Is 837521 composite?
False
Is 2088787 a composite number?
False
Is 4150889 prime?
True
Is 1153492883 a composite number?
False
Is 4546079 a prime number?
False
Is 1034533 a composite number?
True
Is 1570001 a prime number?
False
Is 4239461 composite?
True
Is 53743603 a composite number?
False
Is 1353967 a prime number?
True
Is 10577473 prime?
False
Is 17322803 a prime number?
True
Is 8092841 prime?
False
Is 259862755 composite?
True
Is 21539183 prime?
True
Is 13650053 a composite number?
True
Is 636614243 prime?
True
Is 6164687 composite?
True
Is 3910853 prime?
False
Is 4271711 a prime number?
True
Is 261157 prime?
False
Is 529993 composite?
True
Is 4115585 a prime number?
False
Is 34313551 prime?
True
Is 63041023 prime?
True
Is 1730789 a composite number?
False
Is 13543583 a prime number?
True
Is 6423013 composite?
False
Is 10853891 composite?
False
Is 477360589 a prime number?
True
Is 2611937 a prime number?
True
Is 6771233 composite?
True
Is 816769 a composite number?
False
Is 1488559 prime?
True
Is 397293466 a prime number?
False
Is 37361173 prime?
True
Is 16250405 composite?
True
Is 20905499 a composite number?
False
Is 2582219 a prime number?
True
Is 24199361 a prime number?
True
Is 74433839 a prime number?
False
Is 4643861 a prime number?
False
Is 28836679 a prime number?
False
Is 273674969 a composite number?
False
Is 667079689 a prime number?
True
Is 48765781 prime?
True
Is 11370343 a prime number?
True
Is 71087 a prime number?
False
Is 3788179 prime?
False
Is 2401939 a prime number?
True
Is 254472173 a prime number?
True
Is 13527797 a prime number?
False
Is 312331829 composite?
False
Is 10187999 composite?
False
Is 285202549 a prime number?
False
Is 129317281 composite?
False
Is 38717039 prime?
False
Is 82803461 composite?
True
Is 9453713 a prime number?
False
Is 23111981 prime?
True
Is 8673029 